7589 composite?
True
Is 1960078031 a prime number?
True
Is 1040161319 composite?
True
Is 31765939 composite?
True
Is 8794497289 a prime number?
False
Is 9105382057 composite?
False
Is 8957440391 composite?
False
Is 1329745733 composite?
False
Is 1497749381 prime?
False
Is 2484050749 a prime number?
True
Is 103616436611 composite?
False
Is 8370881539 prime?
True
Is 3737044007 a composite number?
False
Is 15291935803 a composite number?
False
Is 115251571 a prime number?
False
Is 56671035119 prime?
True
Is 2090737793 a prime number?
True
Is 9776731046 a prime number?
False
Is 5177472827 a composite number?
False
Is 1243728869 a composite number?
True
Is 188529109 prime?
False
Is 661080419 a composite number?
False
Is 8072091221 a prime number?
True
Is 506591353 a prime number?
False
Is 662666 a prime number?
False
Is 29854619 a prime number?
True
Is 3139728049 composite?
False
Is 1085910603 a prime number?
False
Is 851033401 a composite number?
True
Is 44129478433 a composite number?
False
Is 3611743843 prime?
False
Is 94384107887 prime?
True
Is 979179181 a prime number?
True
Is 8592018859 composite?
True
Is 283874258 a prime number?
False
Is 4870787137 composite?
False
Is 102452638643 a composite number?
False
Is 260062931 a prime number?
True
Is 6530401597 a prime number?
True
Is 144187427 a composite number?
False
Is 8403050417 prime?
True
Is 6680053979 a prime number?
False
Is 63772555061 prime?
True
Is 16335532223 a composite number?
False
Is 46396826297 a prime number?
True
Is 5803766967 a composite number?
True
Is 284251063 prime?
True
Is 596352451 prime?
True
Is 1334534801 a prime number?
True
Is 115878348517 a prime number?
True
Is 1799860046 composite?
True
Is 7905909233 prime?
True
Is 30690852661 a composite number?
True
Is 1407739409 prime?
True
Is 4438841573 prime?
True
Is 62614963 a prime number?
True
Is 58239197867 a composite number?
False
Is 135190591 composite?
False
Is 8370817141 a composite number?
False
Is 5953015361 a prime number?
False
Is 2612158643 prime?
True
Is 202360732337 a composite number?
False
Is 7676886109 a composite number?
True
Is 17794355489 prime?
True
Is 1941467543 composite?
False
Is 5675568807 a composite number?
True
Is 6700355239 a composite number?
True
Is 547511981 prime?
True
Is 1722284987 a prime number?
True
Is 48796794013 a composite number?
True
Is 481386467 a prime number?
False
Is 132754603 composite?
False
Is 8489644799 a composite number?
False
Is 64172983703 composite?
True
Is 44688946187 a composite number?
True
Is 58556632273 prime?
True
Is 5932819793 a prime number?
True
Is 24674634937 a composite number?
False
Is 281933359 a prime number?
True
Is 168696311863 prime?
False
Is 615559333 a composite number?
True
Is 11326226411 a composite number?
False
Is 8707293599 composite?
False
Is 197472689 a prime number?
True
Is 746626099 a prime number?
False
Is 400535287 a composite number?
False
Is 33147431587 a composite number?
False
Is 182494513 composite?
False
Is 53965432511 a composite number?
True
Is 3097425757 prime?
True
Is 989109301 a prime number?
True
Is 56074412003 composite?
False
Is 1317776633 a prime number?
False
Is 26660135431 composite?
False
Is 3303038149 a composite number?
True
Is 8952972797 a prime number?
False
Is 21279855269 a composite number?
False
Is 72529567723 composite?
False
Is 54153139 composite?
True
Is 2167300013 a composite number?
True
Is 2646007855 prime?
False
Is 18933246359 a composite number?
False
Is 2155007513 composite?
False
Is 158746641 composite?
True
Is 19431964633 a prime number?
True
Is 627366461 prime?
False
Is 87088326643 composite?
False
Is 41181073789 composite?
False
Is 337044356617 a prime number?
True
Is 230431261 prime?
True
Is 8083489135 composite?
True
Is 7479408649 a composite number?
False
Is 22960091237 prime?
True
Is 528859271 composite?
True
Is 1185229457 a prime number?
False
Is 4066893301 a composite number?
False
Is 720596497 a composite number?
True
Is 3749392627 a prime number?
False
Is 498981853021 a composite number?
False
Is 8615442481 a prime number?
True
Is 277455061 prime?
False
Is 30130832327 prime?
False
Is 156994451 prime?
True
Is 2702940659 a prime number?
True
Is 9998072489 a prime number?
False
Is 246930421 a composite number?
True
Is 1813250021 a prime number?
False
Is 27152170789 prime?
False
Is 858333017 a prime number?
True
Is 121894760103 a prime number?
False
Is 201887078 prime?
False
Is 36886602167 a prime number?
False
Is 1207686581 a composite number?
False
Is 9879326861 prime?
False
Is 28642886383 a prime number?
True
Is 16044567023 composite?
True
Is 36966197 prime?
False
Is 15060894377 a prime number?
False
Is 1548260951 a composite number?
False
Is 34452804661 prime?
False
Is 2278189237 composite?
False
Is 1460493779 a composite number?
False
Is 1960462967 composite?
True
Is 72860737 prime?
True
Is 22683499 prime?
True
Is 4468037459 a composite number?
True
Is 4145840629 composite?
True
Is 829334281 a prime number?
True
Is 27679918283 prime?
False
Is 570198205 prime?
False
Is 26722041083 prime?
True
Is 6257821279 a composite number?
True
Is 97821259 a composite number?
True
Is 9709987289 prime?
True
Is 533910283 a composite number?
True
Is 6798445189 a composite number?
True
Is 374345285 prime?
False
Is 27449187133 prime?
True
Is 611385913 a prime number?
True
Is 763299583 a prime number?
False
Is 946563473 prime?
True
Is 109461029 a prime number?
True
Is 2709134377 a prime number?
True
Is 2042627981 prime?
True
Is 2498046571 prime?
False
Is 10170463243 composite?
True
Is 15619991791 composite?
True
Is 397482448733 prime?
True
Is 2592479171 a composite number?
False
Is 383873999 composite?
True
Is 5319585331 prime?
False
Is 708607241 a prime number?
True
Is 416765910181 composite?
False
Is 17252472241 a prime number?
True
Is 12333289207 composite?
False
Is 95839130921 composite?
True
Is 1322562949 composite?
False
Is 7176724003 prime?
False
Is 1084101817 a composite number?
True
Is 2844326846 prime?
False
Is 945603973 a composite number?
False
Is 128027351 a composite number?
False
Is 2828977369 prime?
True
Is 7738132471 a prime number?
False
Is 729120121 a prime number?
True
Is 803019977 a prime number?
True
Is 322962493 composite?
True
Is 11375165933 a prime number?
False
Is 3819682921 a prime number?
False
Is 621973327 composite?
False
Is 9403265059 prime?
True
Is 18412388563 prime?
True
Is 1389036131 prime?
False
Is 2200980109 composite?
False
Is 23490576397 composite?
True
Is 68649607051 prime?
False
Is 2425308131 prime?
False
Is 15259851766 a composite number?
True
Is 635026181 prime?
True
Is 58317992303 a prime number?
True
Is 856153057 a prime number?
True
Is 9698903201 a prime number?
False
Is 1142609143 composite?
True
Is 11175355027 prime?
False
Is 7792891 a composite number?
False
Is 52282222349 composite?
True
Is 13388108701 prime?
False
Is 6169216871 composite?
False
Is 336325849 prime?
False
Is 260330293 a prime number?
False
Is 170289207541 a prime number?
False
Is 60000878341 a composite number?
True
Is 789975031 prime?
False
Is 1406269717 prime?
True
Is 56642934295 prime?
False
Is 467877365 a composite number?
True
Is 87147659 a prime number?
True
Is 4611870083 a prime number?
False
Is 2219559107 a composite number?
False
Is 116395606 prime?
False
Is 4983291071 a prime number?
False
Is 37884412571 prime?
False
Is 97567185781 a prime number?
False
Is 507143141 composite?
False
Is 21409866421 composite?
True
Is 1360287529 a prime number?
True
Is 3236298649 composite?
False
Is 1413410879 composite?
False
Is 5237672621 a prime number?
False
Is 23620979 composite?
False
Is 3231748901 prime?
True
Is 15165100289 prime?
False
Is 43239629 a prime number?
False
Is 33898887463 a prime number?
False
Is 1099431521 composite?
True
Is 32274964138 a composite number?
True
Is 8696272107 a composite number?
True
Is 21376742347 a prime number?
False
Is 717562961 composite?
False
Is 32966616667 a composite number?
False
Is 5920741 prime?
True
Is 244633003 a prime number?
True
Is 18884514049 a prime number?
True
Is 25172948089 composite?
False
Is 675413561 prime?
False
Is 642459539 prime?
True
Is 2108335553 a composite number?
False
Is 22222278361 a prime number?
True
Is 3614885423 prime?
False
Is 324